*x. What are the prime factors of x?
31
Let q = -682 - -115. Let i = -331 - q. List the prime factors of i.
2, 59
Let b(p) = 11 - 16 - 3*p + 654*p**2 + 8. List the prime factors of b(1).
2, 3, 109
Suppose -24*d = -4*d - 120. Suppose -d*w - 885 = -3021. List the prime factors of w.
2, 89
Let n(y) = -y**3 - 12*y**2 + 20*y + 14. Let g(c) = c - 1. Let r(b) = -4*g(b) + n(b). List the prime factors of r(-15).
3, 151
Suppose 3*p + p = -p. Suppose 3*s - 2*t - 3 - 5 = 0, -2*s - t - 4 = p. Suppose a + 5 - 21 = s. List the prime factors of a.
2
Let j be (-40)/45*-6*(-3)/(-2). Let a(o) = 50*o - 91. What are the prime factors of a(j)?
3, 103
Suppose 20 = 2*a - 3*i, i - 6*i = -3*a + 32. Suppose -a*x - t + 3920 = 0, -x + 357 = 2*t - 623. What are the prime factors of x?
2, 5, 7
Let w(r) = r**2 - 4*r + 22. Suppose -3*h = 3*g - 225, 4*h = -3*g + 36 + 193. Let d = g - 60. What are the prime factors of w(d)?
3, 11
Let u = 16677 + 11796. List the prime factors of u.
3, 9491
Suppose 331*g = 342*g - 66825. Suppose g = 73*c - 28*c. What are the prime factors of c?
3, 5
What are the prime factors of (-5)/(-1)*(640 - -267)?
5, 907
Let f(n) = -47*n**3 + 4*n**2 - 2*n. Let p be f(1). Let i be p/(-2)*(-36)/(-45). Suppose -r + 15 = -i. What are the prime factors of r?
3, 11
Let b be (-385 - -3)/(-4 - -2). Let i = 297 - b. List the prime factors of i.
2, 53
Let g = -4654 - -13654. What are the prime factors of g?
2, 3, 5
Let t = -41 - 37. Let d = t + 140. Suppose -j - 4*l = -41 - d, 0 = j + l - 106. List the prime factors of j.
107
Suppose 4*j = -5*q + 47739, -2*j - 3181 = -3*q + 25436. What are the prime factors of q?
3, 3181
Let u = -231 + 234. Suppose -3*n = -c - 64, 6*c - c = -u*n + 94. What are the prime factors of n?
23
Suppose -4443 = -51*i + 106329. What are the prime factors of i?
2, 3, 181
Let r be 1 + -1 + 6 + -8. Let g be 0*(10/4 + r). Suppose -z + 39 + 19 = g. What are the prime factors of z?
2, 29
Suppose 0 = -4*w + 3*z + 13788, -2*w + 2*z = 3*z - 6884. What are the prime factors of w?
2, 3, 7, 41
Suppose -2*o + j + 25 = 0, 2*o = 26*j - 22*j + 22. Let m(s) = s**3 - 8*s**2 - s + 38. List the prime factors of m(o).
2, 3, 5, 29
Let s(x) = -699*x + 1101. What are the prime factors of s(-15)?
2, 3, 1931
Suppose 0 = 8*q - 4*q - 2948. Suppose -q = 5*a + 3*l, -6*a + 2*l = -3*a + 446. Let g = a + 211. What are the prime factors of g?
3, 7
Suppose 89*i + 48*i - 17112 = -i. List the prime factors of i.
2, 31
Let u = -75 - -78. Suppose -4*t + 39 = -u*m, -t - 5*m = 3*t + 1. List the prime factors of (22/t - -1)*(-525)/(-14).
5, 7
Let f be (3 + (-242)/6)/((-18)/27). What are the prime factors of (f/21 - 6)*(-3654)/15?
2, 7, 29
Let z = -365 - -369. Suppose 2*t = 9*q - 6*q - 2474, -z*q - 2*t + 3308 = 0. List the prime factors of q.
2, 7, 59
What are the prime factors of (1/((-2)/12) + 14)/(2/570)?
2, 3, 5, 19
Suppose n - 2*s - 42 = 49, 0 = 4*s + 20. List the prime factors of -1*17*4/((-36)/n).
3, 17
Let m = 470 + -343. Let o(d) = 14*d + 2. Let f be o(6). Let p = m - f. What are the prime factors of p?
41
List the prime factors of (-58)/841 - (2 - (-460965)/(-145)).
3, 353
Let y(d) = d**2 - 3*d - 3. Let i be y(4). Let n be ((-5)/(5/(-71)))/i. Let j = n - -33. List the prime factors of j.
2, 13
Suppose -m = -2*v + 15, -2*m - 39 = 3*m - v. Let w(y) = y**2 + 8*y - 10. Let j be w(m). Let x = j - -45. What are the prime factors of x?
2, 7
Let j = -317 - -312. Let g(l) = 60*l**2 + 24*l + 89. List the prime factors of g(j).
13, 113
Let n(y) = 3 - 10 + 8 - 39*y. Let f be n(-2). Suppose 0 = s - 2*s - 2*b + f, -2*s = -4*b - 166. List the prime factors of s.
3
What are the prime factors of (-7)/(336/(-30)) + (-12889440)/(-256)?
2, 5, 19, 53
List the prime factors of (1869978/(-88))/((-18)/24).
29, 977
Suppose -o = 7 - 36. Suppose 4*h + o = 4*v + 1, 2*h + v - 1 = 0. Let i(u) = 31*u**2 - 5*u - 3. List the prime factors of i(h).
131
Suppose -14 = -2*a + 2*p, -4*p - 3 - 1 = 0. Let t be 6*(-2 - (-17)/a). Suppose 0 = -t*l + d + 424 + 461, 5*d + 687 = 4*l. What are the prime factors of l?
2, 89
Let a(p) = -13*p**3 + 2*p**2 + 346*p + 1037. What are the prime factors of a(-3)?
2, 23
Let r(m) = -m**3 + 19*m**2 - 5*m - 1. Let b be r(17). Suppose 181 + b = 2*n + c, 2*c = -n + 341. Suppose 24*a = 19*a + n. What are the prime factors of a?
67
Let h(o) = -29*o - 20. Let s be h(-15). Suppose 0 = -5*f - g + s, -f + 49 = 5*g - 34. Let w = f + -14. What are the prime factors of w?
3, 23
Let b = 14747 + 17005. List the prime factors of b.
2, 3, 7
Let z(i) be the third derivative of -31*i**5/30 - i**4/24 - 7*i**2. Let w be z(1). What are the prime factors of 270*(w/15 + 5)?
2, 3
Suppose 2*p = -2*p + 8, -p = g - 3508. What are the prime factors of g?
2, 1753
Let m(x) = -x**3 + 21*x**2 - 6*x + 23. Let l = -90 + 101. Let n be m(l). List the prime factors of -1 - n/(-9) - 8/12.
2
Suppose l = -4*x + 845, -5*l = -4*x - 3*l + 830. Suppose 15*f - x = 10*f. Suppose -o - 2*o + 5*c + f = 0, 0 = -3*c. List the prime factors of o.
2, 7
Suppose -21181 - 10624 = -5*p. Suppose -12*v + p = -4523. List the prime factors of v.
907
Let c be (-1)/(-5) + 1956/20. Let p(v) = -168*v - 4. Let j be p(-1). Let h = j - c. What are the prime factors of h?
2, 3, 11
Suppose -377190 - 607007 = -53*g - 127505. What are the prime factors of g?
2, 3, 449
Suppose -3*a - a - 3*a = -132846. List the prime factors of a.
2, 3, 3163
Let v = 10835 + 19495. What are the prime factors of v?
2, 3, 5, 337
Let s(w) be the first derivative of -w**4/4 + 44*w**3/3 + 2*w**2 - 44*w + 52. List the prime factors of s(44).
2, 3, 11
Let t be (-20)/8*48/(-40). Suppose q - 1608 = -i, i + 3*i - 6427 = -t*q. What are the prime factors of i?
7, 229
Let t = 16972 + -9380. What are the prime factors of t?
2, 13, 73
Suppose 413 + 119 = 38*p. Suppose p*f - 4750 = 9*f. List the prime factors of f.
2, 5, 19
Let w = -3618 - -7990. List the prime factors of w.
2, 1093
Let n(i) = -76*i - 6. Let z be n(2). Let o = z - -163. Suppose 12 = -3*w, 5*g + o*w - 13 = 1507. What are the prime factors of g?
2, 7, 11
Suppose -3*w + q + 86967 = 0, 31*q + 28984 = w + 29*q. List the prime factors of w.
2, 5, 13, 223
Suppose -x - 225 = -230. Suppose a = 5*c - 7770, 0 = -4*c - x*a + 9235 - 3019. List the prime factors of c.
2, 3, 7, 37
Let y(z) = 128*z + 7. Let k be y(-2). Let r = -155 - k. Let g = r - 42. List the prime factors of g.
2, 13
Let j(m) = 2*m + 6. Let g be j(3). Suppose 3 + g = 4*v - o, v - 3 = o. Suppose -2*y + 58 = a - 21, 157 = v*y + a. List the prime factors of y.
3, 13
Suppose 0 = 4*q - 3*q + 5*f - 25, 5*q = f + 229. Let k be 3/(q/2793) + 3/(-15). Suppose -5*d - 19 + k = 4*m, 2*d = m + 59. List the prime factors of d.
31
Let c(l) = l**3 + 41*l**2 + 95*l - 114. What are the prime factors of c(-36)?
2, 3, 491
Let l(v) = 38*v + 80. Let k be l(-13). Let q = k - -790. List the prime factors of q.
2, 47
Let t be 1 - 0 - -1 - 6. Suppose -g - 3*g + 10 = -s, -4*s - 19 = 5*g. List the prime factors of (s/8)/(1*t/480).
2, 3, 5
Let i = -262 - -459. Suppose 5*d = r - i, 201 - 774 = -3*r - 3*d. What are the prime factors of r?
2, 3
Let c(g) = -3*g**3 + 185*g**2 + 56*g + 289. List the prime factors of c(57).
23, 2129
Suppose -25*b + 764777 = -166190 + 28017. What are the prime factors of b?
2, 18059
Suppose 3*x + 43393 = 4*i, -3*i + 2*x + 18354 + 14192 = 0. What are the prime factors of i?
2, 2713
Let w be (-2)/2*0/15. Let m(h) = w - 10*h**2 + h**3 + 11*h + h**3 - 5 + 0. What are the prime factors of m(4)?
7
Let k be (-216)/81 + 3*(-2)/(-9). List the prime factors of ((-4640)/(-8))/5 - (-10)/k.
3, 37
Let v(c) = -c - c + 88 - c**3 - 7*c + 6*c + 26*c**2. What are the prime factors of v(26)?
2, 5
Suppose -7*u - 779 = -863. List the prime factors of (-597)/(2*(-1 - (-6)/u)).
3, 199
Suppose -15 = -2*y - 27. Let g(o) = -o**3 - 5*o**2 - 14*o - 10. List the prime factors of g(y).
2, 5, 11
Suppose -2*t - 4*f + 3142 = 0, -2079 = -3*t + 4*f + 2584. List the prime factors of t.
7, 223
Suppose 110*s = 106*s + 1192. Suppose -12 = -4*p, 6*k = k + 4*p + s. What are the prime factors of k?
2, 31
Suppose 49*g = 107831 - 10174. List the prime factors of g.
1993
Let b be (-13)/(-2) - 45/(-90). Suppose b*n - 5767 + 104 = 0. What are the prime factors of n?
809
Suppose -35 + 65 = 5*v. Let x(s) = -4*s + 26. 